 + 7 + 9. Let x(n) = n**2 - 3*n - 5. Determine x(z).
-1
Let s(p) = p. Suppose -5*a - 26 = 4*x, -15*a + 12*a = -x + 19. Determine s(a).
-6
Let z = 212 + -208. Let b(f) = f**2 + f. Let m(d) = 5*d**2 + 10*d - 6. Let s(g) = -6*b(g) + m(g). Determine s(z).
-6
Let k(q) = -5*q - 17. Let t be k(-8). Let p = -28 + t. Let i(b) = 2*b + 5. Give i(p).
-5
Let d(u) = -u**2 - 16*u - 21. Let y be d(-14). Suppose 2*i + y = -5. Let l(g) = g**3 + 7*g**2 + 3*g - 3. Determine l(i).
15
Let z(d) be the first derivative of -d**2/2 + d - 2. Let l be 4 + 104/(-12) - 4/12. What is z(l)?
6
Let h(p) = 4*p**3 + 4*p**2 - 13*p + 3. Let k(b) = 5*b**3 + 3*b**2 - 14*b + 4. Let u(j) = 6*h(j) - 5*k(j). What is u(8)?
-2
Let j be (-2)/1 - (-4 - -7). Let l(c) = -c**3 - 8*c**2 + 9*c - 4. Let y be l(-9). Let r = y - j. Let x(z) = -6*z**3 - 1. Determine x(r).
-7
Let d(o) be the third derivative of o**4/6 - 10*o**3/3 + 2*o**2. Let i(a) = -a + 7. Let s(l) = -6*d(l) - 17*i(l). Calculate s(1).
-6
Suppose 0*z - 3*z + 1 = -5*k, 7 = 2*z + 3*k. Suppose -z*f = -f. Suppose 3*u + o - 4 = f, 2*o + 7 = 2*u - 9. Let m(a) = a**3 - a**2 - 3*a - 3. Give m(u).
6
Let b(y) = 5*y - 8. Let u(a) = -3*a + 4. Let n(c) = 4*b(c) + 7*u(c). Let p be -2 - (3 + 2/(-2)). Let m = p + 9. Determine n(m).
-9
Let p(x) = x**3 - 2*x**2 - 4*x + 3. Let j be p(3). Let q(r) = -r + 1. Let d(l) = l + 2. Let k(w) = -d(w) - 2*q(w). Determine k(j).
-4
Let k(x) = x - 1. Let y(b) = 4*b - 3. Let r(l) = 3*k(l) - y(l). Give r(-1).
1
Let r(t) = -t**2 - 5*t - 5. Suppose -2*h = 1 + 11. Let q = 1 + h. Calculate r(q).
-5
Let o(w) = -w + 0*w - 2*w - 12 + w**2 + 9. Determine o(5).
7
Let p(u) be the first derivative of -u**4/4 + 5*u**3/3 - 3*u**2/2 - 2*u - 5. Calculate p(4).
2
Suppose 3*n = 5*n + 4. Let r(g) be the third derivative of g**6/60 + g**5/30 + g**4/6 + g**3/2 - 2*g**2. Give r(n).
-13
Let w(r) = 3 + 0 - 185*r + 191*r. Determine w(-2).
-9
Let o(k) = 1. Let g(i) = -i**2 - 4*i + 5. Let v(r) = -g(r) + o(r). Let p(m) be the second derivative of -m**3/6 - m**2 + 2*m. Let c be p(2). What is v(c)?
-4
Let j(y) be the first derivative of -y**3/3 - 3*y**2/2 + 2*y + 2. Suppose 4*p - h = -5*h, 0 = p + 5*h + 12. Suppose -p*q - 4 = 2. What is j(q)?
4
Let f(k) = 2*k**3 - 16 + 2*k**3 + 21 + 3*k - 3*k**3 + 4*k**2. Determine f(-4).
-7
Let i(u) = u**3 - u**2 - u - 1. Suppose -6 = -5*b + 8*b. Let f be (b/7)/((-1)/7). Let q be i(f). Let t(s) = -9*s**3. What is t(q)?
-9
Let s(f) be the second derivative of -f**4/12 - f**3/2 - 3*f**2/2 + 4*f. Determine s(4).
-31
Suppose 0 = -2*u - 1 + 5. Let y(x) = -2*x + u + 0 - 5 - x**2. Let j(v) = -v**2 + 4*v + 2. Let r be j(5). Calculate y(r).
-6
Suppose 3*c - 25 = -2*c. Let v(n) = -5*n + 5 + 5*n - n. What is v(c)?
0
Suppose -1712 = 4*i - 0*i. Let s be i/(-18) - (-4)/18. Suppose 0 = 3*x - 9 + s. Let h(d) = d + 4. Give h(x).
-1
Let s(c) be the first derivative of -4 + 5*c + 1/3*c**3 - 2*c**2. Determine s(4).
5
Let p = 11 - 6. Suppose 2*h = 2*x + 2, 0 = x + 2*x + p*h - 29. Let b(k) = -k**3 - k + 3*k**3 - x*k**3. What is b(0)?
0
Let g(p) = p**3 + 0*p**3 - 10*p + 12*p + 4 + 4*p**2. Suppose f - 3*j = -13, 8 = -2*f + j - 3. Calculate g(f).
-4
Suppose 0*c + c = 2*g, -16 = 2*g + 3*c. Let o(m) be the third derivative of 0*m - 2*m**2 - 1/6*m**4 - 1/3*m**3 + 0 - 1/60*m**6 - 1/20*m**5. Calculate o(g).
10
Suppose -21*d = -16*d - 15. Let z(b) be the second derivative of -1/2*b**2 - 2*b + 0 + 1/3*b**d - 1/12*b**4. Determine z(-2).
-9
Let w(y) = -8*y**3. Suppose -m = -5*v - 19, -m + 0*v = -2*v - 7. Give w(m).
8
Let y(l) = 7*l - 11. Let o(a) = 20*a - 33. Let q(p) = -6*o(p) + 17*y(p). Suppose 10 = -2*t - 0. Let i(b) = -b**3 - 5*b**2 - b. Let z be i(t). Calculate q(z).
6
Let w(j) = -2*j + 1. Let c(f) = 2*f - 8. Let s(o) = 3*o - 9. Let b(a) = -4*c(a) + 3*s(a). Let q be b(-4). What is w(q)?
-1
Let u(v) = -4 - 1 + v + 9 - 2. What is u(5)?
7
Let v(s) be the third derivative of -s**6/120 + s**5/60 - s**4/24 + s**3 + 7*s**2. Calculate v(0).
6
Suppose -4*i = -0*i. Suppose -3*k = 9, 4*w = -k - 2*k + 51. Suppose i = y + 2*y + w. Let n(h) = h + 6. What is n(y)?
1
Let q(f) = -5*f**2 + 2*f + 3. Let l(v) = -v - 1. Let k(j) = 6*l(j) + q(j). Calculate k(-2).
-15
Let w(p) = -8*p - 3. Let c(b) = 34*b + 12. Let h(d) = 2*c(d) + 9*w(d). Determine h(-4).
13
Let z = 31/9 - 28/9. Let j(p) be the first derivative of 5/2*p**2 - 2 - 4*p - z*p**3. What is j(4)?
0
Let r(n) = -n**3 - 2. Let w(a) = -10*a**3 - 2*a**2 - 2. Let t be w(-2). Suppose -5*j = -4*i + t, i = 4*j + 35 - 12. Let h be (-3 - i/(-6))*-4. Determine r(h).
-10
Let q(p) = -2*p - 1. Let w be q(-5). Suppose 5*g - w - 3 = -u, 0 = 5*u - 5*g. Suppose -2*b - 2 + 12 = 5*t, -3*b = -t + u. Let k(d) = -d**2 - 1. Determine k(t).
-5
Let c = 17 + -12. Let g = 5 - c. Let x(o) = -2*o + 8 + 6*o**2 + 0*o**3 - o**3 + g*o. Calculate x(6).
-4
Let j(v) = -v**2 + 5*v + 8. Let y be j(6). Let d(p) = -p**3 - 2*p + 2*p**2 + p**2 - 3*p**y - 4 - 5*p**2. Determine d(-5).
6
Let r = -18 - -14. Let v(f) = -f**2 - 7*f - 5. Determine v(r).
7
Let g(z) = 2*z**2 + 2*z + 1. Let v(o) = 3*o**2 + o + 2. Let p(f) = 4*g(f) - 3*v(f). Suppose 5*y = 25, 4*s = -4*y + 33 + 3. Suppose s*h = 1 + 15. What is p(h)?
2
Suppose -10 = -7*v + 2*v. Let m(i) be the third derivative of -i**4/12 + i**3/2 + 4*i**2. What is m(v)?
-1
Let i(h) be the first derivative of h**3/3 + 3*h**2 + 6*h + 5. Determine i(-4).
-2
Suppose -16 + 0 = -4*n, -2*i = -4*n + 12. Let t(p) = -i*p**3 + 3*p**3 + 11 - 2*p + p**2 - 14. What is t(-2)?
-3
Suppose 0*u - 10 = -5*u. Let w(b) = -b**3 + b**2 - b + 2. Determine w(u).
-4
Let k(c) = 1 + 5*c - c + 3 + 4. Let x(v) = 3*v + 7. Let o(g) = -4*k(g) + 5*x(g). Determine o(3).
0
Suppose 0 = -b + 4*d + 12, -2*b + 4*d = b - 20. Let l(g) = -2*g + 3. Let h(r) = -r + 2. Let q(i) = b*l(i) - 5*h(i). Give q(2).
-4
Let u(z) be the first derivative of z**4/4 - 2*z**3/3 - z**2 + 6. What is u(2)?
-4
Let z(t) = t - 9. Suppose -3*b = 5*g - 77, 0*b - g = -3*b + 53. Let x = b + -15. Calculate z(x).
-5
Let j(t) = -t**2 - 4*t - 4. Let y be ((-8)/6)/((-3)/18). Let v = -11 + y. Determine j(v).
-1
Let d = -5 - -8. Suppose -3*v = -3*h + 4*h - 10, v - 5*h + 18 = 0. Let o(x) = 0*x + v - 2*x + 0*x + x. Give o(d).
-1
Let b(t) = -t**3 + 5*t**2 - 3*t + 6. Let y be b(5). Let p be y + 2 - -3 - 2. Let f(w) be the second derivative of w**4/12 + w**3 + 3*w**2 + w. Give f(p).
6
Let x = 11 + -20. Let t = x + 7. Let w(b) = 3*b**2 + 2*b. Determine w(t).
8
Suppose -11 = -5*a + 4. Let g(h) = h**2 + h + a + 0 - 2. Calculate g(-2).
3
Let c(m) = -6*m + 6*m + 6*m + 6 + 0*m. Let y(j) = 7*j + 6. Suppose -2*t + 5*t = 18. Let n(o) = t*c(o) - 5*y(o). Give n(0).
6
Let n(z) = 2*z - 4*z**3 + 86 + 15*z**3 + 2*z**2 - 85. Give n(-1).
-10
Suppose y + 2 - 2 = 0. Let m(r) = 6*r - 13. Let o(x) = 5*x - 12. Let u(f) = 4*m(f) - 5*o(f). Give u(y).
8
Let v(a) = a**2 - 10*a + 3*a + 6*a + 3*a**3 + a**2. Calculate v(1).
4
Suppose 3*j + 26 = 2*h - 6*h, 2*h = j - 8. Let s be 1 + j + (0 - 2). Let r(g) be the third derivative of g**4/24 - g**3/6 + 2*g**2. Give r(s).
-4
Suppose 2*x - 4 = 10. Let i(f) = -f**3 + 8*f**2 - 5*f - 1. Calculate i(x).
13
Let t be 60/15*3/(-4). Let y(o) = o**3 + 2*o**2 + 3*o + 3. Give y(t).
-15
Suppose -2*o - o - 21 = 0. Let r(g) = 6*g**2 + 10*g - 3. Let y(h) = 5*h**2 + 9*h - 3. Let a be 3 + (-7 - 0) - -10. Let c(l) = a*r(l) + o*y(l). Determine c(3).
3
Suppose 2*y - x + 19 = -6*x, -y + x + 8 = 0. Let t(z) = -4*z**3 - z**2 + y*z + 3*z**3 - 2*z + 0*z**3. Give t(1).
-1
Let a(l) = 7*l**3 + 3*l**2 - 6*l**3 + 7*l - 10*l**2. Determine a(6).
6
Let m be 57/2 + (-5)/(-10). Suppose d = 3*d + 5*c - m, -d + 5*c - 23 = 0. Suppose 7*s = d*s - 25. Let z(k) = k**2 + 4*k - 4. Determine z(s).
1
Let a(x) be the third derivative of x**6/24 - x**5/30 + x**4/4 + x**3 + 5*x**2. Let j(m) = 4*m**3 - m**2 + 6*m + 5. Let k(s) = -5*a(s) + 6*j(s). Calculate k(5).
5
Let j(o) be the first derivative of -o**4/4 + 45. Determine j(-2).
8
Suppose -15*r = -19*r + 4. Suppose -g + 6 = -y + 2*y, 0 = y - r. Let z(b) = -5 + 2 - b + 1. Give z(g).
-7
Let k(j) = j - 8. Let h be k(4). Let b(q) = q**3 + 3*q**2 - 5*q - 4. Calculate b(h).
0
Let s = 8 + -11. Let y(n) be the first derivative of -n**5/30 - 5*n**4/24 - n**3/2 + n**2/2 + 2. Let c(i) be the second derivative of y(i). Determine c(s).
-6
Let s(y) = y - 5. Let m(x) = 2*x - 11. Let